 = -101*n**2 - 11 + 54*n**r + 46*n**2 + 9*n. Calculate the remainder when z(5) is divided by 1.
0
Let a be (24/36)/(2/21). Calculate the remainder when (-94)/((-6)/(42/a)) is divided by 18.
4
Let h(f) = 2*f**3 + 45*f**2 + 45*f + 1553. What is the remainder when h(-22) is divided by 66?
57
Let o = 9572 + -9529. What is the remainder when 2099 is divided by o?
35
Let b(w) = 4*w**3 - 187*w**2 + 147*w - 15. Calculate the remainder when b(46) is divided by 391.
8
Let m be 12/24*(-2)/3*-1191. Let w = 426 - m. Calculate the remainder when 45 is divided by w.
16
Let i = -3550 - -3645. Calculate the remainder when i is divided by 90.
5
Suppose 22*z = 17*z + 205. Let b(c) = c + 35. Calculate the remainder when z is divided by b(-25).
1
Let w = -90 + 128. Suppose 750 = 264*s - 258*s. What is the remainder when s is divided by w?
11
Let u = -28 - -47. Suppose 2 = 4*v + 14. Calculate the remainder when u is divided by (20/v)/(-4*1/6).
9
Let g(s) = 42*s + 285. Let t(l) = -21*l - 142. Let n(m) = -6*g(m) - 13*t(m). Suppose -4*c + 214 = 70. Calculate the remainder when c is divided by n(-6).
6
Let l = -48117 - -48208. What is the remainder when 190 is divided by l?
8
Suppose 3194*c - 3150*c - 48004 = 0. Calculate the remainder when c is divided by 520.
51
Let m be 8/1*(-10)/(-20) + 21. Suppose -33*w + 536 = -m*w. Calculate the remainder when w is divided by 10.
7
Let x = -6 + 12. Suppose -4*f = 2*g + 1584, -2*g - 1017 = -4*f + 551. Let h = -767 - g. Calculate the remainder when h is divided by x.
3
Let w(x) = 193*x - 4225. What is the remainder when 162 is divided by w(22)?
15
Suppose 100 = 6*z - 86. Suppose 2*y + z = 17. Let p(t) = -2*t - 3. What is the remainder when 21 is divided by p(y)?
10
Let t = 18 - 2. Let w be (-2)/(-7) + 12*(-11791)/(-364). Let q = w - 335. Calculate the remainder when q is divided by t.
6
Let j = -27 + 12. Let g be 160/(-15) + j/(-9). Let l = 24 + g. Calculate the remainder when l is divided by 9.
6
Let v = -4403 + 4636. Calculate the remainder when v is divided by 106.
21
Let u = 418 + -386. Let w = u + -28. Calculate the remainder when 52 is divided by w.
0
Let d be (-4)/22 + (-96471)/297. Let m = d + 339. What is the remainder when 50 is divided by m?
8
What is the remainder when 17465/4 - ((-273)/(-52) + -6) is divided by 12?
11
Let f be -1 - 4/28*0. Calculate the remainder when 30 is divided by 6 + -4 - f - 8/8.
0
Let f = 32881 + -32808. What is the remainder when 144 is divided by f?
71
Suppose 23*h + 2138 = 6485. Calculate the remainder when h is divided by 7.
0
Let r = 1450 + -1435. Let w = 27 + -21. Suppose l - 35 - w = 0. Calculate the remainder when l is divided by r.
11
Let v(y) = -y**3 + y**2 + y + 37. Calculate the remainder when (-402)/((-30)/10)*(-9)/(-18) is divided by v(0).
30
Let s(m) = -m**2 + m - 15. Let r(y) = -8*y + 4. Let g be r(1). Let v be s(g). Let p = 40 + v. What is the remainder when 7 is divided by p?
2
Calculate the remainder when 1*(495/(-20))/(4 + 17/(-4)) is divided by 96.
3
Suppose 2*w + 4*m - 206 = 432, 4*w + m = 1311. What is the remainder when w is divided by (6*(-1)/2)/(1390/(-275) + 5)?
54
Suppose -1080 = -4*x - 132. Suppose 11*u - 8*u + g = 39, -4*u + 71 = -5*g. What is the remainder when x is divided by u?
13
Let g(p) = -43 + 253*p + 254*p - 515*p. What is the remainder when 175 is divided by g(-11)?
40
Let v(w) be the first derivative of 8*w**3/3 + 3*w**2/2 - 9*w - 58. Let t = 49 + 33. What is the remainder when t is divided by v(2)?
24
Suppose -12814*o + 12809*o + 52010 = -4*t, 4*o = -t + 41608. What is the remainder when o is divided by 3465?
7
Calculate the remainder when 61 is divided by (-68)/102 + (2 - 1 - (-910)/42).
17
Let s = 26 + -25. Let x(h) = 23*h**3 + h**2. Suppose 0 = -5*a - 3 - 2, -50 = -3*r + 5*a. Calculate the remainder when x(s) is divided by r.
9
Let d(v) = v + 56. Let b be d(-14). What is the remainder when 12/(-8)*(-4 - (b - 0)) is divided by 10?
9
Suppose 0 = -4*j - 14 + 2. Let p be (j + 2)/(5/155). Let x = -18 - p. Calculate the remainder when 24 is divided by x.
11
Suppose -9*a + 4*a + 15 = -3*g, 3*g - a = -3. Suppose o + o = -y + 32, -2*y = g. What is the remainder when 58 is divided by o?
10
Let j = -83 - -79. Let y be 44/(-9) + j/36. Calculate the remainder when 69 is divided by y/((-90)/(-4)) - (-896)/63.
13
Let a(p) = -p**3 - 37*p**2 - 37*p + 13. What is the remainder when a(-36) is divided by (5*(-12)/42)/(2/(-28))?
9
Suppose -t + 5*t - 108 = -4*i, -2*t - i + 52 = 0. Suppose -t = 9*h - 10*h. Calculate the remainder when 249 is divided by h.
24
Suppose -31*h - 98*h = 12*h - 187671. Calculate the remainder when h is divided by 69.
20
Suppose 0 = -4*p + 57 - 5. Suppose 0 = -10*g + 127 + 63. Calculate the remainder when g is divided by p.
6
Suppose -39*j = -40*j + 29. Let u = j + -23. Calculate the remainder when 15 is divided by u.
3
Suppose -z - 4*j + 1 + 15 = 0, 4*j - 40 = -4*z. Suppose 16*w = 18*w - z. Let c(u) = 6*u + 4. What is the remainder when c(w) is divided by 8?
4
Let k = 6838 + -6803. Calculate the remainder when 118 is divided by k.
13
Suppose 3*z - 3 = -3*d, 2*d = -z + 4*z + 2. What is the remainder when 23 is divided by (z - (-1)/((-1)/(-14))) + 0?
9
Suppose -4*w = b - 15, w - 9*b - 8 = -5*b. Suppose 6*i - 3 = 5*i. Suppose -5*a = -3*s + 6 + w, -4*a = i*s - 46. Calculate the remainder when 27 is divided by s.
7
Let m(n) = -3*n + 60. Let l be m(16). What is the remainder when l/3 - ((-69)/1 - 2) is divided by 28?
19
Calculate the remainder when 1757 is divided by ((-272)/12 - -18)/((-1)/42).
189
Suppose -85*u + 1062 = -26*u. What is the remainder when 527 is divided by u?
5
Suppose -y + 8 = 3*u - 2, 0 = -3*u - 4*y + 4. Suppose s - 41*g + 37*g - 50 = 0, 0 = 2*s + u*g - 148. What is the remainder when 263 is divided by s?
65
Let w = 1 + -1. Suppose 3*y - 2*j - 25 = w, -j - 36 = -3*y - 10. Calculate the remainder when (15/45)/(30/9) - 318/(-20) is divided by y.
7
Suppose 205*k + 25*k = 33810. Calculate the remainder when k is divided by 129.
18
Suppose -3*m + 336 = -4*f, 4*m + m + 223 = -3*f. What is the remainder when -5 - -1 - (1 + f) is divided by 1*(32 - -10) - 3?
37
Let d(g) = -3*g**2 + g**3 + 20*g**2 + 43 + 18*g + 11 + 20*g. Calculate the remainder when d(-14) is divided by 29.
23
Let c(d) = 2*d - 18. Let q be c(12). Suppose 58 = 3*p + 5*l, -3*l + 29 = 4*p - q*l. What is the remainder when 32 is divided by p?
10
What is the remainder when 729 is divided by (1 - 7/4)/((-153)/2040)?
9
Let d be (-24)/18 - 3/(-9). Calculate the remainder when (-1)/(-4) + (-284)/(-16) is divided by (-3 - (7 - 3))/d.
4
Let y(b) = 76*b + 73. What is the remainder when 551 is divided by y(1)?
104
Suppose -28*v = -33*v. Suppose v = -5*h + 2*a + 79, 4*a + 1 = -7. What is the remainder when 204 is divided by h?
9
Suppose -20*p + 11*p - 17*p = 0. Let k(w) = 2*w**2 - 4*w + 21. Calculate the remainder when 40 is divided by k(p).
19
Let t be (-4)/6 + (1 - 11/(-3)). Let a(l) = 8*l**2 - 12 + 2 + t*l + 14. What is the remainder when a(-3) is divided by 34?
30
Let p(d) be the second derivative of d**5/20 - 5*d**4/6 - d**3/3 + 21*d**2/2 + 29*d. What is the remainder when (10/4 + -2)*6 is divided by p(10)?
0
Let n = -467 + 300. Let c = n + 244. What is the remainder when c is divided by 6/(-21) + 564/14?
37
Suppose 0 = 2*f + f - 6. Suppose -f*w + 61 + 71 = 0. Suppose -78*g = -3*g - 1725. What is the remainder when w is divided by g?
20
Let n(f) = -13*f**2 + 211*f + 82. What is the remainder when 933 is divided by n(9)?
5
Suppose 10 = -6*r + 11*r, -275 = -3*w + 2*r. Calculate the remainder when w is divided by 42.
9
Let i = 1183 - 1172. Let b(o) = o**2 - 2*o + 1. Calculate the remainder when i is divided by b(0).
0
Let r(q) = 2*q**2 - 16*q + 6. Suppose 0*k = 4*k - 3*d - 33, 3*k + 4*d = 31. Let m = 7 + k. What is the remainder when r(10) is divided by m?
14
Let j(m) = -m**2 - 5*m - 6. Let z be j(-3). Suppose 3*q + 120 = -z*q. Calculate the remainder when (276/(-10))/(q/100) is divided by 10.
9
Suppose 0 = -4*x - 2*v + 8, x = -v + 2 - 1. Suppose -y + 2*c + 114 + 1 = 0, y - 117 = x*c. What is the remainder when y is divided by 58?
53
Suppose 3*l + 5*o + 9 = 0, l - 5*o = 2*l + 13. Suppose -2*h = 2*f - 30, 3*f = l*h + h + 51. What is the remainder when f is divided by 12?
4
Suppose 48